{"id":20,"date":"2013-09-23T22:27:07","date_gmt":"2013-09-23T20:27:07","guid":{"rendered":"http:\/\/www.kommaacht.de\/?page_id=20"},"modified":"2021-12-13T18:58:26","modified_gmt":"2021-12-13T16:58:26","slug":"kommunikation","status":"publish","type":"page","link":"http:\/\/www.kommaacht.de\/?page_id=20","title":{"rendered":"Kommunikation"},"content":{"rendered":"<p><a href=\"http:\/\/www.kommaacht.de\/wp-content\/uploads\/2015\/02\/cropped-2014-03-15-10.52.36.jpg\" rel=\"attachment wp-att-151\"><img loading=\"lazy\" decoding=\"async\" class=\"alignnone  wp-image-151\" src=\"http:\/\/www.kommaacht.de\/wp-content\/uploads\/2015\/02\/cropped-2014-03-15-10.52.36-300x43.jpg\" alt=\"cropped-2014-03-15-10.52.36.jpg\" width=\"559\" height=\"80\" srcset=\"http:\/\/www.kommaacht.de\/wp-content\/uploads\/2015\/02\/cropped-2014-03-15-10.52.36-300x43.jpg 300w, http:\/\/www.kommaacht.de\/wp-content\/uploads\/2015\/02\/cropped-2014-03-15-10.52.36-1024x147.jpg 1024w, http:\/\/www.kommaacht.de\/wp-content\/uploads\/2015\/02\/cropped-2014-03-15-10.52.36.jpg 1600w\" sizes=\"(max-width: 559px) 100vw, 559px\" \/><\/a><\/p>\n<p>Kommunikation findet immer statt!<\/p>\n<p>Im Reden, im Gestikulieren, im Auftritt, sogar im Schweigen liegt eine Mitteilung. Die F\u00e4higkeit zur Kommunikation, also Mitteilung von sich selbst und \u00fcber etwas zu geben, ist dem Menschen so selbstverst\u00e4ndlich wie das Atmen. Dennoch l\u00e4uft in der Kommunikation zwischen Menschen nicht alles rund. Missverst\u00e4ndnisse, unterschiedliche Interpretationen von Gegebenheiten oder das Aufeinanderprallen von Ansichten belasten den Alltag.<\/p>\n<p>Ich biete Trainings, die das Kommunikationsverhalten unter die Lupe nehmen, Muster hinterfragen und neues Verhalten ein\u00fcben. In der Analyse von Abl\u00e4ufen und Strukturen er\u00f6ffnen sich Einsichten in bereits erlebte Kommunikationssituationen und Handlungsoptionen f\u00fcr kommende.<\/p>\n<p>Die Trainingsangebote:<\/p>\n<ul>\n<li>Kommunikationsmodelle<\/li>\n<li>Verhandlungsf\u00fchrung<\/li>\n<li>Pr\u00e4sentation \/ Selbstpr\u00e4sentation<\/li>\n<li>Frauen \/ M\u00e4nner &#8211; Kommunikationsspiele mit der Macht<\/li>\n<\/ul>\n","protected":false},"excerpt":{"rendered":"<p>Kommunikation findet immer statt! Im Reden, im Gestikulieren, im Auftritt, sogar im Schweigen liegt eine Mitteilung. Die F\u00e4higkeit zur Kommunikation, also Mitteilung von sich selbst und \u00fcber etwas zu geben, ist dem Menschen so selbstverst\u00e4ndlich wie das Atmen. Dennoch l\u00e4uft in der Kommunikation zwischen Menschen nicht alles rund. Missverst\u00e4ndnisse, unterschiedliche Interpretationen von Gegebenheiten oder das &hellip; <a href=\"http:\/\/www.kommaacht.de\/?page_id=20\" class=\"more-link\"><span class=\"screen-reader-text\">Kommunikation<\/span> weiterlesen <span class=\"meta-nav\">&rarr;<\/span><\/a><\/p>\n","protected":false},"author":1,"featured_media":0,"parent":0,"menu_order":0,"comment_status":"closed","ping_status":"closed","template":"","meta":{"footnotes":""},"_links":{"self":[{"href":"http:\/\/www.kommaacht.de\/index.php?rest_route=\/wp\/v2\/pages\/20"}],"collection":[{"href":"http:\/\/www.kommaacht.de\/index.php?rest_route=\/wp\/v2\/pages"}],"about":[{"href":"http:\/\/www.kommaacht.de\/index.php?rest_route=\/wp\/v2\/types\/page"}],"author":[{"embeddable":true,"href":"http:\/\/www.kommaacht.de\/index.php?rest_route=\/wp\/v2\/users\/1"}],"replies":[{"embeddable":true,"href":"http:\/\/www.kommaacht.de\/index.php?rest_route=%2Fwp%2Fv2%2Fcomments&post=20"}],"version-history":[{"count":4,"href":"http:\/\/www.kommaacht.de\/index.php?rest_route=\/wp\/v2\/pages\/20\/revisions"}],"predecessor-version":[{"id":339,"href":"http:\/\/www.kommaacht.de\/index.php?rest_route=\/wp\/v2\/pages\/20\/revisions\/339"}],"wp:attachment":[{"href":"http:\/\/www.kommaacht.de\/index.php?rest_route=%2Fwp%2Fv2%2Fmedia&parent=20"}],"curies":[{"name":"wp","href":"https:\/\/api.w.org\/{rel}","templated":true}]}}